46
Calculate the remainder when 190 is divided by 45.
10
Calculate the remainder when 188 is divided by 49.
41
What is the remainder when 83 is divided by 31?
21
What is the remainder when 506 is divided by 126?
2
What is the remainder when 917 is divided by 9?
8
What is the remainder when 335 is divided by 118?
99
What is the remainder when 203 is divided by 41?
39
What is the remainder when 777 is divided by 60?
57
What is the remainder when 43 is divided by 24?
19
Calculate the remainder when 126 is divided by 38.
12
What is the remainder when 885 is divided by 417?
51
What is the remainder when 195 is divided by 65?
0
Calculate the remainder when 96 is divided by 25.
21
What is the remainder when 4335 is divided by 155?
150
Calculate the remainder when 20 is divided by 13.
7
What is the remainder when 325 is divided by 163?
162
Calculate the remainder when 382 is divided by 369.
13
Calculate the remainder when 55 is divided by 13.
3
Calculate the remainder when 90 is divided by 39.
12
Calculate the remainder when 219 is divided by 6.
3
Calculate the remainder when 261 is divided by 78.
27
What is the remainder when 444 is divided by 17?
2
What is the remainder when 5056 is divided by 1677?
25
Calculate the remainder when 23969 is divided by 7988.
5
What is the remainder when 175 is divided by 16?
15
What is the remainder when 3166 is divided by 132?
130
Calculate the remainder when 90 is divided by 2.
0
Calculate the remainder when 3982 is divided by 153.
4
Calculate the remainder when 1538 is divided by 55.
53
What is the remainder when 4676 is divided by 65?
61
What is the remainder when 1953 is divided by 650?
3
Calculate the remainder when 6801 is divided by 23.
16
What is the remainder when 149 is divided by 51?
47
Calculate the remainder when 373 is divided by 27.
22
Calculate the remainder when 1005 is divided by 97.
35
What is the remainder when 952 is divided by 238?
0
Calculate the remainder when 135 is divided by 17.
16
What is the remainder when 83 is divided by 6?
5
Calculate the remainder when 219 is divided by 13.
11
What is the remainder when 285 is divided by 178?
107
Calculate the remainder when 3383 is divided by 72.
71
What is the remainder when 219 is divided by 22?
21
Calculate the remainder when 186 is divided by 171.
15
Calculate the remainder when 151 is divided by 31.
27
Calculate the remainder when 342 is divided by 114.
0
Calculate the remainder when 97 is divided by 48.
1
Calculate the remainder when 303 is divided by 14.
9
What is the remainder when 214 is divided by 23?
7
What is the remainder when 5568 is divided by 36?
24
What is the remainder when 426 is divided by 61?
60
What is the remainder when 1702 is divided by 551?
49
Calculate the remainder when 2083 is divided by 72.
67
What is the remainder when 809 is divided by 33?
17
Calculate the remainder when 5179 is divided by 162.
157
Calculate the remainder when 34 is divided by 20.
14
Calculate the remainder when 675 is divided by 606.
69
Calculate the remainder when 29 is divided by 7.
1
What is the remainder when 6116 is divided by 161?
159
What is the remainder when 584 is divided by 189?
17
What is the remainder when 682 is divided by 14?
10
Calculate the remainder when 173 is divided by 81.
11
What is the remainder when 19 is divided by 13?
6
What is the remainder when 979 is divided by 168?
139
What is the remainder when 30 is divided by 11?
8
What is the remainder when 1624 is divided by 324?
4
What is the remainder when 7 is divided by 2?
1
What is the remainder when 2719 is divided by 1347?
25
Calculate the remainder when 655 is divided by 164.
163
What is the remainder when 106 is divided by 33?
7
What is the remainder when 45313 is divided by 278?
277
Calculate the remainder when 318 is divided by 40.
38
Calculate the remainder when 59 is divided by 53.
6
What is the remainder when 471 is divided by 59?
58
What is the remainder when 222 is divided by 16?
14
Calculate the remainder when 150 is divided by 38.
36
What is the remainder when 621 is divided by 30?
21
Calculate the remainder when 2 is divided by 2.
0
Calculate the remainder when 315 is divided by 27.
18
Calculate the remainder when 4251 is divided by 17.
1
What is the remainder when 37 is divided by 25?
12
What is the remainder when 182 is divided by 17?
12
What is the remainder when 758 is divided by 17?
10
Calculate the remainder when 310 is divided by 105.
100
What is the remainder when 66 is divided by 16?
2
What is the remainder when 56 is divided by 12?
8
Calculate the remainder when 861 is divided by 27.
24
What is the remainder when 1388 is divided by 27?
11
Calculate the remainder when 67 is divided by 11.
1
Calculate the remainder when 47 is divided by 8.
7
What is the remainder when 339 is divided by 161?
17
Calculate the remainder when 49 is divided by 30.
19
What is the remainder when 434 is divided by 23?
20
What is the remainder when 509 is divided by 271?
238
What is the remainder when 493 is divided by 36?
25
What is the remainder when 407 is divided by 194?
19
What is the remainder when 471 is divided by 8?
7
What is the remainder when 463 is divided by 16?
15
Calculate the remainder when 2554 is divided by 143.
123
Calculate the remainder when 38 is divided by 28.
10
What is the remainder when 246 is divided by 83?
80
What is the remainder when 381 is divided by 96?
93
What is the remainder when 179 is divided by 23?
18
What is the remainder when 1137 is divided by 133?
73
Calculate the remainder when 330 is divided by 42.
36
Calculate the remainder when 547 is divided by 182.
1
What is the remainder when 269 is divided by 54?
53
What is the remainder when 568 is divided by 184?
16
Calculate the remainder when 67297 is divided by 38.
37
What is the remainder when 346 is divided by 5?
1
What is the remainder when 3675 is divided by 46?
41
What is the remainder when 559 is divided by 28?
27
Calculate the remainder when 148 is divided by 50.
48
Calculate the remainder when 174 is divided by 26.
18
Calculate the remainder when 135 is divided by 59.
17
What is the remainder when 7825 is divided by 26?
25
Calculate the remainder when 169 is divided by 10.
9
Calculate the remainder when 61 is divided by 18.
7
What is the remainder when 34 is divided by 14?
6
Calculate the remainder when 718 is divided by 15.
13
What is the remainder when 421 is divided by 36?
25
What is the remainder when 25829 is divided by 6?
5
What is the remainder when 221 is divided by 14?
11
What is the remainder when 188 is divided by 27?
26
What is the remainder when 35881 is divided by 77?
76
What is the remainder when 474 is divided by 157?
3
Calculate the remainder when 216 is divided by 50.
16
Calculate the remainder when 78 is divided by 8.
6
Calculate the remainder when 16082 is divided by 14.
10
Calculate the remainder when 747 is divided by 11.
10
What is the remainder when 1186 is divided by 148?
2
What is the remainder when 2768 is divided by 42?
38
What is the remainder when 477 is divided by 160?
157
What is the remainder when 3172 is divided by 25?
22
What is the remainder when 2176 is divided by 2149?
27
Calculate the remainder when 1977 is divided by 52.
1
What is the remainder when 141 is divided by 36?
33
Calculate the remainder when 42 is divided by 29.
13
What is the remainder when 162 is divided by 49?
15
What is the remainder when 74 is divided by 13?
9
What is the remainder when 182 is divided by 92?
90
What is the remainder when 3520 is divided by 23?
1
Calculate the remainder when 2011 is divided by 1004.
3
Calculate the remainder when 471 is divided by 102.
63
Calculate the remainder when 381 is divided by 67.
46
Calculate the remainder when 151 is divided by 82.
69
What is the remainder when 755 is divided by 42?
41
What is the remainder when 895 is divided by 320?
255
What is the remainder when 218 is divided by 50?
18
Calculate the remainder when 341 is divided by 108.
17
What is the remainder when 4147 is divided by 9?
7
What is the remainder when 279 is divided by 173?
106
Calculate the remainder when 96 is divided by 24.
0
What is the remainder when 15687 is divided by 29?
27
What is the remainder when 227 is divided by 10?
7
What is the remainder when 2007 is 